, 73
What are the prime factors of 1234284?
2, 3, 73, 1409
List the prime factors of 7899856.
2, 23, 21467
List the prime factors of 67007.
37, 1811
List the prime factors of 17189339.
347, 49537
List the prime factors of 967573.
353, 2741
What are the prime factors of 30214628?
2, 619, 12203
What are the prime factors of 35562?
2, 3, 5927
What are the prime factors of 44634?
2, 3, 43, 173
What are the prime factors of 76106?
2, 38053
What are the prime factors of 351688?
2, 43961
List the prime factors of 6120569.
7, 13, 103, 653
List the prime factors of 423867.
3, 23, 6143
List the prime factors of 10853565.
3, 5, 17, 31, 1373
List the prime factors of 394669.
11, 35879
List the prime factors of 66240.
2, 3, 5, 23
List the prime factors of 20180077.
41, 331, 1487
What are the prime factors of 4768280?
2, 5, 11, 10837
List the prime factors of 860028.
2, 3, 13, 37, 149
List the prime factors of 3333963.
3, 941, 1181
What are the prime factors of 1665584?
2, 41, 2539
What are the prime factors of 14109495?
3, 5, 19, 31, 1597
What are the prime factors of 587760?
2, 3, 5, 31, 79
What are the prime factors of 1124113?
1124113
List the prime factors of 11245485.
3, 5, 613, 1223
List the prime factors of 1342019.
7, 191717
List the prime factors of 14078468.
2, 19, 185243
List the prime factors of 946975.
5, 37879
List the prime factors of 149950.
2, 5, 2999
List the prime factors of 4946827.
4946827
What are the prime factors of 395311?
7, 56473
List the prime factors of 18266754.
2, 3, 11, 59, 4691
What are the prime factors of 3268795?
5, 31, 21089
What are the prime factors of 3226030?
2, 5, 37, 8719
List the prime factors of 1052181.
3, 13, 17, 23
What are the prime factors of 363256?
2, 17, 2671
List the prime factors of 27279830.
2, 5, 59, 46237
What are the prime factors of 16587119?
16587119
What are the prime factors of 3391382?
2, 1695691
List the prime factors of 13492690.
2, 5, 41, 32909
List the prime factors of 3000877.
11, 272807
List the prime factors of 60287.
19, 167
List the prime factors of 232261.
29, 8009
What are the prime factors of 164649?
3, 71, 773
What are the prime factors of 1344?
2, 3, 7
What are the prime factors of 2722564?
2, 13, 41, 1277
List the prime factors of 4375362.
2, 3, 53, 13759
List the prime factors of 1105126.
2, 11, 191, 263
What are the prime factors of 706918?
2, 353459
What are the prime factors of 358536?
2, 3, 14939
List the prime factors of 3140945.
5, 628189
What are the prime factors of 119541?
3, 39847
What are the prime factors of 3479559?
3, 1159853
List the prime factors of 15084758.
2, 13, 580183
List the prime factors of 228787.
13, 17599
What are the prime factors of 258463?
131, 1973
What are the prime factors of 8948288?
2, 23, 6079
List the prime factors of 214824.
2, 3, 8951
List the prime factors of 1612325.
5, 11, 13, 41
What are the prime factors of 17219670?
2, 3, 5, 13, 67, 659
What are the prime factors of 77534?
2, 38767
What are the prime factors of 128516?
2, 19, 89
What are the prime factors of 10320765?
3, 5, 7, 13, 7561
What are the prime factors of 29152099?
19, 1534321
List the prime factors of 10436461.
7, 30427
What are the prime factors of 184698?
2, 3, 31, 331
What are the prime factors of 430454?
2, 137, 1571
What are the prime factors of 392307?
3, 130769
List the prime factors of 236078.
2, 41, 2879
List the prime factors of 2209143.
3, 736381
List the prime factors of 19556288.
2, 31, 9857
What are the prime factors of 35421734?
2, 17710867
What are the prime factors of 1447144?
2, 37, 4889
List the prime factors of 12127429.
179, 67751
What are the prime factors of 1031144?
2, 61, 2113
List the prime factors of 241270.
2, 5, 23, 1049
What are the prime factors of 2713883?
2713883
What are the prime factors of 2202792?
2, 3, 17, 5399
What are the prime factors of 13397168?
2, 523, 1601
What are the prime factors of 4908906?
2, 3, 272717
What are the prime factors of 241020?
2, 3, 5, 13, 103
List the prime factors of 1911226.
2, 955613
What are the prime factors of 5356401?
3, 23, 149, 521
What are the prime factors of 21469542?
2, 3, 3578257
What are the prime factors of 1835043?
3, 7, 87383
What are the prime factors of 10217504?
2, 11, 29027
What are the prime factors of 890745?
3, 5, 43, 1381
List the prime factors of 13148037.
3, 7, 208699
What are the prime factors of 92878?
2, 46439
List the prime factors of 1464736.
2, 7, 13, 503
List the prime factors of 611531.
611531
List the prime factors of 1026329.
23, 44623
List the prime factors of 241947.
3, 29, 103
What are the prime factors of 705458?
2, 13, 43, 631
What are the prime factors of 799129?
619, 1291
What are the prime factors of 53356?
2, 13339
List the prime factors of 436546.
2, 11, 19843
What are the prime factors of 2510630?
2, 5, 251063
What are the prime factors of 8148241?
829, 9829
What are the prime factors of 2371925?
5, 17, 5581
What are the prime factors of 1070499?
3, 101, 3533
What are the prime factors of 4669421?
19, 245759
List the prime factors of 335730.
2, 3, 5, 19, 31
List the prime factors of 1487663.
23, 71, 911
List the prime factors of 1369550.
2, 5, 7, 13, 43
List the prime factors of 942204.
2, 3, 78517
List the prime factors of 898293.
3, 11, 163, 167
What are the prime factors of 6564448?
2, 11, 17, 1097
List the prime factors of 4818837.
3, 17, 19, 4973
What are the prime factors of 432406?
2, 13, 16631
List the prime factors of 303444.
2, 3, 8429
List the prime factors of 83515.
5, 16703
List the prime factors of 26765590.
2, 5, 1327, 2017
What are the prime factors of 8673960?
2, 3, 5, 41, 43
What are the prime factors of 11069601?
3, 17, 23, 9437
List the prime factors of 1766683.
47, 37589
List the prime factors of 882569.
19, 46451
What are the prime factors of 240618?
2, 3, 7, 17, 337
What are the prime factors of 1740493?
29, 60017
What are the prime factors of 3692756?
2, 103, 8963
What are the prime factors of 299840?
2, 5, 937
What are the prime factors of 40135?
5, 23, 349
List the prime factors of 199571.
23, 8677
List the prime factors of 12700693.
41, 71, 4363
List the prime factors of 116546.
2, 19, 3067
List the prime factors of 8981279.
8981279
What are the prime factors of 107275?
5, 7, 613
What are the prime factors of 1191005?
5, 238201
What are the prime factors of 4443964?
2, 7, 43, 3691
List the prime factors of 391518.
2, 3, 21751
List the prime factors of 29683.
29683
What are the prime factors of 4565508?
2, 3, 380459
List the prime factors of 131048.
2, 16381
List the prime factors of 22397855.
5, 401, 11171
What are the prime factors of 9737204?
2, 1249, 1949
List the prime factors of 4545550.
2, 5, 90911
List the prime factors of 1010283.
3, 336761
What are the prime factors of 1582807?
1063, 1489
What are the prime factors of 9044556?
2, 3, 53, 14221
What are the prime factors of 1110301?
1110301
List the prime factors of 8966395.
5, 17, 37, 2851
List the prime factors of 203654.
2, 11, 9257
What are the prime factors of 38634?
2, 3, 47, 137
What are the prime factors of 1240115?
5, 197, 1259
List the prime factors of 10920005.
5, 2184001
What are the prime factors of 15933?
3, 47, 113
What are the prime factors of 11490234?
2, 3, 7, 79, 3463
List the prime factors of 68262.
2, 3, 31, 367
List the prime factors of 11249908.
2, 41, 68597
What are the prime factors of 960167?
13, 73859
List the prime factors of 16125168.
2, 3, 335941
What are the prime factors of 889983?
3, 98887
List the prime factors of 4685171.
1171, 4001
What are the prime factors of 228843?
3, 47, 541
What are the prime factors of 4455473?
11, 29, 13967
What are the prime factors of 139052?
2, 34763
What are the prime factors of 416715?
3, 5, 13, 2137
What are the prime factors of 113643?
3, 23, 61
What are the prime factors of 1325251?
1325251
What are the prime factors of 4489939?
1361, 3299
List the prime factors of 5935389.
3, 1978463
List the prime factors of 31987.
29, 1103
What are the prime factors of 309367?
309367
List the prime factors of 14497922.
2, 79, 89, 1031
List the prime factors of 4711109.
13, 362393
List the prime factors of 4570629.
3, 7, 23, 9463
List the prime factors of 279238.
2, 139619
List the prime factors of 1416418.
2, 29, 24421
